 - -34 - (6 + -7 - 40)
31
Calculate -104 + 117 - (37 + -3 + 7 + -7).
-21
Evaluate (988 - 810) + (4 - 141).
41
What is -11 - -6 - (-144 - -110)?
29
What is the value of -5 - (-2 + (-7 - -5)) - -6 - 2 - 10?
-7
Calculate 30 - (-5 + (0 - (17 + -14))).
38
3 + (11 - (-1 + 19)) + -10 + 4 + -1
-11
What is the value of 3 + -13 + 10 + 16 - (-9 + 73)?
-48
What is the value of (356 - 160) + -177 - (3 + -1 + -10)?
27
What is -16 - (22 - (35 + (-21 - -21)))?
-3
What is 12 + (-37 - -50) + 7?
32
8 - (11 - (12 - 2 - (-39 - -36))) - 20
-10
Calculate (-43 - -1) + -19 + 51 + -31.
-41
What is the value of (22 - (-3 - -7)) + (935 - 923)?
30
Evaluate 19 + -61 + -13 + (-1 + 2 - -9).
-45
What is the value of -44 - (-58 + 84 + -21 - (1 - 1))?
-49
What is -83 - -1 - (8 + -4 - (44 + -75 - -31))?
-86
Calculate 1 + -62 + (176 - (45 + 161)).
-91
Calculate 50 + (18 + -64 - -8).
12
-5 + (17 - 0) + (8 - (68 + 10))
-58
Evaluate 32535 + -32536 + (-1 - 0 - 1) + (0 - -141).
138
What is the value of 1 - 10 - (-420 - -410) - (-31 + -1 + 2)?
31
122 + -25 + -16 - 98
-17
What is (43 - 3) + (-2430 - -2364)?
-26
What is (24 - (4 - -20)) + 48?
48
What is the value of (-28 - (12 + -10)) + 14 + 13 + -27 + 4?
-26
Evaluate 110 - (206 - (97 + 17)).
18
What is the value of (190 + -169 + (-1 - 16) - 7) + 87?
84
Calculate -16 + (4 + 17 - (-16 - -18)).
3
What is the value of 53 - (-3 + 58) - 44?
-46
Evaluate 32 + -6 + -8 + -8 + -10.
0
99 + -107 + (52 - 13)
31
Evaluate (11 - (5 - (11 + -11))) + 61 + 9 - -1.
77
Evaluate 7200 + -7211 - (10 - (0 - (1 + -1))).
-21
Evaluate (71 - -169 - 295) + -2 + 1 + -9.
-65
2 + 129 + 2 - (-2 - (3 - (-28 - -48)))
118
Calculate (-15 - (-15 + 30) - -27) + (96 - 2).
91
Calculate (4 - 0) + -93 + 86 - (14 - 42).
25
-3 + 6 + 0 - 31 - ((39 - -16) + -64)
-19
What is the value of -12 + -1 - (-103 - -119)?
-29
-94 - 4 - (3 + 12 + 12 + -15)
-110
Evaluate -44 - -88 - 41 - (1 - 1) - 4.
-1
Calculate (-18 + 37 + -5 - (119 + 0)) + -24 + 9.
-120
What is the value of (-28 - -7 - 5) + 18 - 15?
-23
What is 2 + 28 + -31 + 43 + (0 - -12)?
54
Calculate -34 + (21 - (6 + -18 + 44)).
-45
-3 - (-24 - -11 - 37)
47
What is the value of (0 - 11) + 14 + 0 + 8 + -12 + 75?
74
Evaluate -40 + 1 + 2 - (66 + 13 - 83).
-33
What is the value of 0 + -25 - (-18 - -5) - (-2 + 22)?
-32
What is (8 + (-7 - 10) - -1) + (-36 - -45)?
1
Evaluate (47 - -9) + (-5 - 2 - 7 - -2).
44
Evaluate (-5 - 8 - -113) + (-3 - 0 - -4) + -10.
91
13 + -16 + 3 + (-2 - (-1 - (7 - -4)))
10
88 - (-23 + (25 + -40 - -39))
87
What is the value of -41 + (-24 - -29) + 24 - 42?
-54
Evaluate 19 + 30 - 31 - 36.
-18
-71 + (78 - 34) + -56
-83
Calculate (14 - ((3 - 4) + 2)) + -135 + 97 + 5.
-20
-1 - (-6 + 49) - ((-18 - (-6 + 6)) + 5)
-31
Calculate -2 + 12 + -4 + -65 + (2 - -10).
-47
Evaluate 100 - ((-31 + 40 - -44) + -26).
73
4 + -17 + (-30 - -120)
77
Calculate 103 - (-74 + 179) - (-1 + -7).
6
What is the value of 27 + -113 + (-28 - (-18 + 6 + 5 - 5))?
-102
Evaluate -62 + -65 + 25 + 52.
-50
Evaluate 19 - 34 - ((0 - 13) + 1) - 113.
-116
What is 22 + (14 + 17 + -32 - -9) + 1?
31
What is 2 - 24 - (40 - 44 - 18)?
0
Calculate -38 + (2 - -5 - (105 + -107)) - -3.
-26
What is the value of 2 + -1 + 11 + (-8 - 13) + 7 + -4?
-6
What is (1 - 16) + (15 - 24) - (-6 + 10)?
-28
-108 - -52 - (25 - 69)
-12
64 + -66 + (-4 - 1) + 2 - -5
0
65 + -148 + -42 + 219
94
What is -10 - (42 - (41 + -21))?
-32
Evaluate -23 + (37 - 54 - -31) + (-1 - -22).
12
68 - (10 + -3 + (17 - 27) + (12 - 1))
60
Calculate 88 + (122 + 44 + -138 - (1 - -21)).
94
-52 - (-30 + -9 - -16) - 12
-41
Evaluate (22 - (41 + -8)) + 0 - (-1 - 22).
12
What is (-488 + 504 + (-9 - (-3 - -2)) - 5) + -106?
-103
What is the value of 17 + ((40 - 21) + -4 - (-1 + 98))?
-65
What is the value of -77 - 2 - ((-28 - -5) + 18)?
-74
(-1 - 5) + -85 + 81 + -15
-25
What is 36 + (-66 - -57) - -38?
65
Calculate -8 + (-8 - 54) + 8 + (-32 - -23).
-71
What is the value of -13 + (-231 - -377 - (0 + 18)) + -5?
110
Calculate 31 + (-17 - (-18 - 9)) + (1 - (-2 - -12)).
32
-3 + (-36 + (71 - -25) - -9)
66
What is the value of (-5 - ((17 - 5) + -8)) + -1 - (4 + -11)?
-3
What is 47 - (-57 + -23 + 96)?
31
What is the value of -4 - (-26 - (-11 + -9 + 66))?
68
What is 87 - (-46 - -36 - -33)?
64
What is the value of (-1 - 1 - -14) + -2 + 9430 + -9429?
11
Evaluate (-7 - (-10 + -9) - 7) + -26 - 3.
-24
Evaluate (11 - -2 - 39) + 8.
-18
Calculate -32 - (31 + (19 - 62)) - (-1 - 0).
-19
What is 2 - (-87 - (-38 - 70))?
-19
Calculate (31 - 66) + -25 - 28.
-88
What is the value of -105 + 143 + -66 + 5?
-23
Calculate 8 - 5 - (75 + -39).
-33
Evaluate -2 + (42 + -28 - (53 + 12 + -6)).
-47
21 - ((122 - 138) + (-7 - -117))
-73
What is 0 + -89 - (89 + 5 + -129)?
-54
Evaluate -2 + 0 + 24 + -10 + (-31 - -18) + 23.
22
Evaluate (14 - -15) + -44 + 42 - 30.
-3
Calculate (2 - 7 - -19) + (-3 - -2 - 1).
12
Evaluate (21 - (0 - -46) - -51) + -74.
-48
What is the value of 22 - (2 - (-3 - -23) - -36)?
4
What is -125 + 0 + (2 + 9 - 3) + (73 - 85)?
-129
What is 31 + (7 - (14 - 28) - (2 + 10))?
40
What is -152 - (-396 - -174) - (16 - 0)?
54
-1649 - -1829 - (54 + 1)
125
What is the value of -2 + 170 + (-5655 - -5523)?
36
(-14 + -19 - (4 + -47)) + -33
-23
What is (-1 - 76 - (-47 - -13 - -40)) + (-8 - -14)?
-77
Calculate (-23 - 38) + 8 + 25 - -59.
31
-34 - ((-58 - 21) + 21)
24
3 - -13 - (-4 + (4 - -11)) - 55
-50
What is the value of -58 + (-24 + -9 - -146)?
55
9 - ((-2 - (-17 + 8)) + -11 - -9)
4
Evaluate -55 - (-3 - -18 - (16 - -8 - 13)).
-59
What is -122 + 351 - 180 - (1 - 35)?
83
What is the value of -34 + (9 - -86 - (29 - 57))?
89
Calculate 23 + -10 + 1 - (-37 + 33).
18
What is the value of -15 - 5 - 26 - (13 - -2)?
-61
16 + 17 + -5 - 18 - 9
1
(505 - 494 - ((11 - -2) + -1) - -77) + 15
91
What is -6 + (-15 - -6) - -6 - (-98 - (0 + 3))?
92
What is the value of (-113 - -68) + 49 - (2 - (1 - 16))?
-13
Evaluate (-2 - -13) + 590 + -572.
29
What is 30 + -43 + -18 + (-56 - -46)?
-41
Calculate (1 - -32) + (-4 - -1) + (57 - 46).
41
37 - 13 - 6 - 53
-35
Evaluate 31 - 41 - -23 - -43.
56
Evaluate -136 + 63 + 107 - (1 - (2 + 1)).
36
Calculate (33 - 24) + -69 - -40.
-20
-2 + 9 + (36 + -22 - 18)
3
What is the value of -19 + 12 + (4 - 6) + -7 + 7 + -29?
-38
Evaluate 1 - -54 - ((-83 - -187) + -81).
32
Evaluate -13 + 9 + -9 + 60 + 23 + -42.
28
Evaluate 5 + (4 - 37) + -7 + 118.
83
Calculate -1 + 59 + -61 + 0 + 21.
18
Calculate -1661 - -1720 - (114 - -1).
-56
3 + 53 + (54 - ((-82 - -42) + 70))
80
What is the value of 21 + -52 + -33 + 56?
-8
What is the value of 51 - 88 - (47 - 124)?
40
Calculate (100 - 2 - 0) + 73 + -65 + 11.
117
What is the value of -1 + (2 - -5) + -1 + 12 + (-27 - -35)?
25
Calculate (1 - 129) + (10587 - 10574).
-115
Evaluate -23 - (-6 - (53 - 11)).
25
Evaluate (18 - -1 - -6) + (-2 + 0 - (26 - 33)).
30
What is (11 - (42 - 29 - (1 - -2))) + -10?
-9
Evaluate -22 - (-14 + -10) - (-9 + 1) - 14.
-4
What is the value of -7 + 3 + ((-106 - -25) + -6 - (5 + -10))?
-86
Calculate -7 + -92 + 60 - 17.
-56
What is the value of (3 - -2) + -5 + 5 + (135 - 116)?
24
What is 46 + 51 + -60 + -12?
25
Calculate -4 + 2 - (113 - (73 - -64)).
22
What is -49 - (4 - (247 + -73)) - (-4 - 1)?
126
-3 - (-6 - (3 + -18 + (-3 - 26) + 39))
-2
What is the value of -2 + 60 + -1 - (-8 - (10 + -8 + -14))?
53
What is the value of -129 + (9 - -72 - 23)?
-71
-10 + 78 + (-108 - -95) + 2 + -1
56
Evaluate 14 - (26 + 1 + -65 + 55) - 1.
-4
What is the value of (-34 + -171 - -68) + 208?
71
Calculate 0 + (10 - (46 - (-39 - -2 - -20))).
-53
What is 11 - (2 + -20 + 46 + 7 + -31)?
7
(-349 - -347) + -11 + -1 + (1 - 40)
-53
Evaluate 42 - (6 + 5 - 5) - 6 - (412 - 411).
29
Calculate 5544 - 5535 - (13 + 0).
-4
Calculate 31 + (13 - 37) - (10 - -1).
-4
6 + 13 - 6 - (100 + -28 - 25)
-34
Calculate -34 - -227 - (-220 + 339).
74
What is -13 + 16 + (2 - (8 - (0 - 5)))?
-8
Evaluate 56 + -8 + -63 - (2 + -53).
36
What is 28 + -33 + 1 + -2 + -10 + -2 + 2?
-16
Calculate (-5 - 58) + (672 - 679).
-70
What is the value of (206 - 130) + (-3 + 0 - 25)?
48
Evaluate 103 - 67 - (-5 - (-1 + -4 - -7)).
43
What is the value of 12 + -6 - 6 - (-10 + 24 + -13 + 6)?
-7
What is the value of (-133 - -28) + 23 - (-4 - 17)?
-61
What is 12 + -1 + (-593 - -570) + 33 - 12?
9
Evaluate (-27 - (-28 - 19)) + 3 + 3 + 0.
26
What is 6 - (-1 - -2) - (9552 - 9555)?
8
C